{"id":66,"date":"2026-02-02T17:48:06","date_gmt":"2026-02-02T17:48:06","guid":{"rendered":"https:\/\/hurel2.damien-bouchard.net\/?page_id=66"},"modified":"2026-03-26T18:20:04","modified_gmt":"2026-03-26T17:20:04","slug":"si-caen-metait-conte","status":"publish","type":"page","link":"https:\/\/www.lerelaissaintgilles.fr\/index.php\/si-caen-metait-conte\/","title":{"rendered":"Si Caen m\u2019\u00e9tait cont\u00e9\u00a0"},"content":{"rendered":"\n<figure class=\"wp-block-gallery has-nested-images columns-default is-cropped wp-block-gallery-1 is-layout-flex wp-block-gallery-is-layout-flex\">\n<figure class=\"wp-block-image size-full\"><img loading=\"lazy\" decoding=\"async\" width=\"400\" height=\"300\" data-id=\"49\" src=\"http:\/\/hurel2.damien-bouchard.net\/wp-content\/uploads\/2026\/02\/260816214559.jpg\" alt=\"\" class=\"wp-image-49\" srcset=\"https:\/\/www.lerelaissaintgilles.fr\/wp-content\/uploads\/2026\/02\/260816214559.jpg 400w, https:\/\/www.lerelaissaintgilles.fr\/wp-content\/uploads\/2026\/02\/260816214559-300x225.jpg 300w\" sizes=\"(max-width: 400px) 100vw, 400px\" \/><\/figure>\n\n\n\n<figure class=\"wp-block-image size-full\"><img loading=\"lazy\" decoding=\"async\" width=\"250\" height=\"187\" data-id=\"63\" src=\"http:\/\/hurel2.damien-bouchard.net\/wp-content\/uploads\/2026\/02\/Entree.jpg\" alt=\"\" class=\"wp-image-63\"\/><\/figure>\n\n\n\n<figure class=\"wp-block-image size-full\"><img loading=\"lazy\" decoding=\"async\" width=\"400\" height=\"300\" data-id=\"20\" src=\"http:\/\/hurel2.damien-bouchard.net\/wp-content\/uploads\/2026\/02\/070813175801.jpg\" alt=\"\" class=\"wp-image-20\" srcset=\"https:\/\/www.lerelaissaintgilles.fr\/wp-content\/uploads\/2026\/02\/070813175801.jpg 400w, https:\/\/www.lerelaissaintgilles.fr\/wp-content\/uploads\/2026\/02\/070813175801-300x225.jpg 300w\" sizes=\"(max-width: 400px) 100vw, 400px\" \/><\/figure>\n<\/figure>\n\n\n\n<p>Situ\u00e9e au 1<sup>er<\/sup> \u00e9tage de la maison,la chambre donne sur la rue des chanoines qui est calme et peu passante la nuit. Des fen\u00eatres, vous aurez la vue sur l\u2019ancienne \u00e9glise saint Gilles.<\/p>\n\n\n","protected":false},"excerpt":{"rendered":"<p>Situ\u00e9e au 1er \u00e9tage de la maison,la chambre donne sur la rue des chanoines qui est calme et peu passante la nuit. Des fen\u00eatres, vous aurez la vue sur l\u2019ancienne \u00e9glise saint Gilles.<\/p>\n","protected":false},"author":1,"featured_media":0,"parent":0,"menu_order":0,"comment_status":"closed","ping_status":"closed","template":"","meta":{"saved_in_kubio":true,"footnotes":""},"class_list":["post-66","page","type-page","status-publish","hentry"],"kubio_ai_page_context":{"short_desc":"","purpose":"general"},"_links":{"self":[{"href":"https:\/\/www.lerelaissaintgilles.fr\/index.php\/wp-json\/wp\/v2\/pages\/66","targetHints":{"allow":["GET"]}}],"collection":[{"href":"https:\/\/www.lerelaissaintgilles.fr\/index.php\/wp-json\/wp\/v2\/pages"}],"about":[{"href":"https:\/\/www.lerelaissaintgilles.fr\/index.php\/wp-json\/wp\/v2\/types\/page"}],"author":[{"embeddable":true,"href":"https:\/\/www.lerelaissaintgilles.fr\/index.php\/wp-json\/wp\/v2\/users\/1"}],"replies":[{"embeddable":true,"href":"https:\/\/www.lerelaissaintgilles.fr\/index.php\/wp-json\/wp\/v2\/comments?post=66"}],"version-history":[{"count":12,"href":"https:\/\/www.lerelaissaintgilles.fr\/index.php\/wp-json\/wp\/v2\/pages\/66\/revisions"}],"predecessor-version":[{"id":378,"href":"https:\/\/www.lerelaissaintgilles.fr\/index.php\/wp-json\/wp\/v2\/pages\/66\/revisions\/378"}],"wp:attachment":[{"href":"https:\/\/www.lerelaissaintgilles.fr\/index.php\/wp-json\/wp\/v2\/media?parent=66"}],"curies":[{"name":"wp","href":"https:\/\/api.w.org\/{rel}","templated":true}]}}